{"id":7,"date":"2022-09-29T00:12:50","date_gmt":"2022-09-28T22:12:50","guid":{"rendered":"http:\/\/webby.piakrems.ac.at\/wordpress\/?page_id=7"},"modified":"2026-03-24T14:54:49","modified_gmt":"2026-03-24T13:54:49","slug":"home","status":"publish","type":"page","link":"https:\/\/www.piaristengymnasium.at\/wordpress\/","title":{"rendered":"Piaristengymnasium Krems"},"content":{"rendered":"\n<div class=\"wp-block-columns is-layout-flex wp-container-core-columns-is-layout-9d6595d7 wp-block-columns-is-layout-flex\">\n<div class=\"wp-block-column is-layout-flow wp-block-column-is-layout-flow\" style=\"flex-basis:100%\"><div class=\"wp-block-image\">\n<figure class=\"aligncenter size-large\"><img loading=\"lazy\" decoding=\"async\" width=\"1024\" height=\"683\" src=\"https:\/\/www.piaristengymnasium.at\/wordpress\/wp-content\/uploads\/2024\/09\/MG_8710-klein-1024x683.jpg\" alt=\"\" class=\"wp-image-2854\" srcset=\"https:\/\/www.piaristengymnasium.at\/wordpress\/wp-content\/uploads\/2024\/09\/MG_8710-klein-1024x683.jpg 1024w, https:\/\/www.piaristengymnasium.at\/wordpress\/wp-content\/uploads\/2024\/09\/MG_8710-klein-300x200.jpg 300w, https:\/\/www.piaristengymnasium.at\/wordpress\/wp-content\/uploads\/2024\/09\/MG_8710-klein-768x512.jpg 768w, https:\/\/www.piaristengymnasium.at\/wordpress\/wp-content\/uploads\/2024\/09\/MG_8710-klein-1536x1024.jpg 1536w, https:\/\/www.piaristengymnasium.at\/wordpress\/wp-content\/uploads\/2024\/09\/MG_8710-klein-2048x1365.jpg 2048w\" sizes=\"auto, (max-width: 1024px) 100vw, 1024px\" \/><\/figure>\n<\/div><\/div>\n<\/div>\n\n\n\n<hr class=\"wp-block-separator has-alpha-channel-opacity\"\/>\n\n\n\n<h1 class=\"wp-block-heading has-text-align-center\">Aktuelles<\/h1>\n\n\n\n<hr class=\"wp-block-separator has-alpha-channel-opacity\"\/>\n\n\n\n<h2 class=\"wp-block-heading has-text-color\" style=\"color:#94c120\"><strong>Schulanmeldung Erste Klassen<\/strong><\/h2>\n\n\n\n<p>Am Tag der Semesternachricht 2026 beginnt die Anmeldefrist f\u00fcr unsere ersten Klassen 2026\/27.<\/p>\n\n\n\n<p>Wir freuen uns auf Sie und stehen f\u00fcr R\u00fcckfragen gerne zur Verf\u00fcgung.<\/p>\n\n\n\n<p>Anmeldung:&nbsp;<\/p>\n\n\n\n<p>Fr., 30. J\u00e4nner 2026 (7:30 &#8211; 16:00 Uhr)&nbsp;<\/p>\n\n\n\n<p>Sowie<\/p>\n\n\n\n<p>Mo., 9. Februar bis Fr., 20. Februar 2026 (7:30- 14:00 Uhr)<\/p>\n\n\n\n<p>Alle Informationen zur Anmeldung finden Sie <a href=\"\/wordpress\/come-to-us\">hier<\/a>. <\/p>\n\n\n\n<div style=\"height:11px\" aria-hidden=\"true\" class=\"wp-block-spacer\"><\/div>\n\n\n\n<hr class=\"wp-block-separator has-alpha-channel-opacity\"\/>\n\n\n\n<p class=\"has-text-color has-medium-font-size\" style=\"color:#94c120\"><strong>Neuer\u00f6ffnung Schulbuffet<\/strong><\/p>\n\n\n\n<p>Ab&nbsp;<strong>9. Februar 2026<\/strong>&nbsp;ist das Schulbuffet wieder ge\u00f6ffnet.<br>\u00d6ffnungszeiten:&nbsp;<strong>10:00\u201314:00 Uhr<\/strong><br>Es werden&nbsp;<strong>warme Mahlzeiten<\/strong>&nbsp;sowie weitere Angebote f\u00fcr die Pause und Mittagspause angeboten.<\/p>\n\n\n\n<div style=\"height:11px\" aria-hidden=\"true\" class=\"wp-block-spacer\"><\/div>\n\n\n\n<hr class=\"wp-block-separator has-alpha-channel-opacity\"\/>\n\n\n\n<h2 class=\"wp-block-heading has-text-color\" style=\"color:#94c120\">Lerne uns kennen &#8211; Schnuppern am Piaristengymnasium<\/h2>\n\n\n\n<p>Bei Interesse an unserer Schule kontaktieren Sie uns gerne jederzeit f\u00fcr Schnuppertage unter <a href=\"mailto:schnuppern@piaristengymnasium.at\">schnuppern@piaristengymnasium.at<\/a>.<\/p>\n\n\n\n<hr class=\"wp-block-separator has-alpha-channel-opacity\"\/>\n\n\n\n<h2 class=\"wp-block-heading has-text-align-center has-large-font-size\">Aktivit\u00e4ten<\/h2>\n\n\n\n<div class=\"wp-block-query is-layout-flow wp-block-query-is-layout-flow\"><ul class=\"wp-block-post-template is-layout-flow wp-block-post-template-is-layout-flow\"><li class=\"wp-block-post post-3841 post type-post status-publish format-standard has-post-thumbnail hentry category-allgemein\">\n<h2 class=\"wp-block-post-title\"><a href=\"https:\/\/www.piaristengymnasium.at\/wordpress\/archive\/3841\" target=\"_self\" >Erlebnis Europa<\/a><\/h2>\n\n<figure style=\"height:350px;\" class=\"alignwide wp-block-post-featured-image\"><a href=\"https:\/\/www.piaristengymnasium.at\/wordpress\/archive\/3841\" target=\"_self\"  style=\"height:350px\"><img loading=\"lazy\" decoding=\"async\" width=\"2560\" height=\"1920\" src=\"https:\/\/www.piaristengymnasium.at\/wordpress\/wp-content\/uploads\/2026\/04\/IMG_9101-scaled.jpeg\" class=\"attachment-post-thumbnail size-post-thumbnail wp-post-image\" alt=\"Erlebnis Europa\" style=\"height:350px;object-fit:cover;\" srcset=\"https:\/\/www.piaristengymnasium.at\/wordpress\/wp-content\/uploads\/2026\/04\/IMG_9101-scaled.jpeg 2560w, https:\/\/www.piaristengymnasium.at\/wordpress\/wp-content\/uploads\/2026\/04\/IMG_9101-300x225.jpeg 300w, https:\/\/www.piaristengymnasium.at\/wordpress\/wp-content\/uploads\/2026\/04\/IMG_9101-1024x768.jpeg 1024w, https:\/\/www.piaristengymnasium.at\/wordpress\/wp-content\/uploads\/2026\/04\/IMG_9101-768x576.jpeg 768w, https:\/\/www.piaristengymnasium.at\/wordpress\/wp-content\/uploads\/2026\/04\/IMG_9101-1536x1152.jpeg 1536w, https:\/\/www.piaristengymnasium.at\/wordpress\/wp-content\/uploads\/2026\/04\/IMG_9101-2048x1536.jpeg 2048w\" sizes=\"auto, (max-width: 2560px) 100vw, 2560px\" \/><\/a><\/figure>\n\n<div class=\"wp-block-post-excerpt\"><p class=\"wp-block-post-excerpt__excerpt\">Beitrag von Mag. Patricia Kirchknopf: Wie funktioniert die europ\u00e4ische Politik? Wie wirken sich europ\u00e4ische Entscheidungen auf unser t\u00e4gliches Leben aus? Antworten auf diese Fragen und damit einen kr\u00e4ftigen Input Demokratiebildung bekam die 6R Klasse bei ihrem Besuch der interaktiven Ausstellung \u201eErlebnis Europa\u201c in Wien. Die Sch\u00fcler*innen sollten dabei ermutigt werden, sich mit aktuellen europ\u00e4ischen Themen<\/p><p class=\"wp-block-post-excerpt__more-text\"><a class=\"wp-block-post-excerpt__more-link\" href=\"https:\/\/www.piaristengymnasium.at\/wordpress\/archive\/3841\">weiterlesen<\/a><\/p><\/div>\n\n\n<hr class=\"wp-block-separator has-css-opacity\"\/>\n\n<\/li><li class=\"wp-block-post post-3852 post type-post status-publish format-standard has-post-thumbnail hentry category-allgemein\">\n<h2 class=\"wp-block-post-title\"><a href=\"https:\/\/www.piaristengymnasium.at\/wordpress\/archive\/3852\" target=\"_self\" >Lesen verbindet<\/a><\/h2>\n\n<figure style=\"height:350px;\" class=\"alignwide wp-block-post-featured-image\"><a href=\"https:\/\/www.piaristengymnasium.at\/wordpress\/archive\/3852\" target=\"_self\"  style=\"height:350px\"><img loading=\"lazy\" decoding=\"async\" width=\"2560\" height=\"1920\" src=\"https:\/\/www.piaristengymnasium.at\/wordpress\/wp-content\/uploads\/2026\/04\/Vorlesetag-Maerz_1-scaled.jpg\" class=\"attachment-post-thumbnail size-post-thumbnail wp-post-image\" alt=\"Lesen verbindet\" style=\"height:350px;object-fit:cover;\" srcset=\"https:\/\/www.piaristengymnasium.at\/wordpress\/wp-content\/uploads\/2026\/04\/Vorlesetag-Maerz_1-scaled.jpg 2560w, https:\/\/www.piaristengymnasium.at\/wordpress\/wp-content\/uploads\/2026\/04\/Vorlesetag-Maerz_1-300x225.jpg 300w, https:\/\/www.piaristengymnasium.at\/wordpress\/wp-content\/uploads\/2026\/04\/Vorlesetag-Maerz_1-1024x768.jpg 1024w, https:\/\/www.piaristengymnasium.at\/wordpress\/wp-content\/uploads\/2026\/04\/Vorlesetag-Maerz_1-768x576.jpg 768w, https:\/\/www.piaristengymnasium.at\/wordpress\/wp-content\/uploads\/2026\/04\/Vorlesetag-Maerz_1-1536x1152.jpg 1536w, https:\/\/www.piaristengymnasium.at\/wordpress\/wp-content\/uploads\/2026\/04\/Vorlesetag-Maerz_1-2048x1536.jpg 2048w\" sizes=\"auto, (max-width: 2560px) 100vw, 2560px\" \/><\/a><\/figure>\n\n<div class=\"wp-block-post-excerpt\"><p class=\"wp-block-post-excerpt__excerpt\">Beitrag von Mag. Veronika Kremser-Falb: Am 26. 3. 2026 hie\u00df es im Rahme des \u00f6sterreichweiten Vorlesetags wieder ran an die B\u00fccher und rein ins Lesevergn\u00fcgen. Viele Sch\u00fcler und Sch\u00fclerinnen besuchten mit ihren Lehrern und Lehrerinnen die Bibliothek und lasen sich aus verschiedenen B\u00fcchern vor. Dabei wurden neue Werke entdeckt und gegenseitige Eindr\u00fccke und Empfehlungen ausgetauscht.<\/p><p class=\"wp-block-post-excerpt__more-text\"><a class=\"wp-block-post-excerpt__more-link\" href=\"https:\/\/www.piaristengymnasium.at\/wordpress\/archive\/3852\">weiterlesen<\/a><\/p><\/div>\n\n\n<hr class=\"wp-block-separator has-css-opacity\"\/>\n\n<\/li><li class=\"wp-block-post post-3832 post type-post status-publish format-standard has-post-thumbnail hentry category-allgemein\">\n<h2 class=\"wp-block-post-title\"><a href=\"https:\/\/www.piaristengymnasium.at\/wordpress\/archive\/3832\" target=\"_self\" >Mit Vollgas in die unternehmerische Zukunft: Die 7R bei den WKN\u00d6 Racing Days<\/a><\/h2>\n\n<figure style=\"height:350px;\" class=\"alignwide wp-block-post-featured-image\"><a href=\"https:\/\/www.piaristengymnasium.at\/wordpress\/archive\/3832\" target=\"_self\"  style=\"height:350px\"><img loading=\"lazy\" decoding=\"async\" width=\"2560\" height=\"1921\" src=\"https:\/\/www.piaristengymnasium.at\/wordpress\/wp-content\/uploads\/2026\/04\/1-scaled.jpg\" class=\"attachment-post-thumbnail size-post-thumbnail wp-post-image\" alt=\"Mit Vollgas in die unternehmerische Zukunft: Die 7R bei den WKN\u00d6 Racing Days\" style=\"height:350px;object-fit:cover;\" srcset=\"https:\/\/www.piaristengymnasium.at\/wordpress\/wp-content\/uploads\/2026\/04\/1-scaled.jpg 2560w, https:\/\/www.piaristengymnasium.at\/wordpress\/wp-content\/uploads\/2026\/04\/1-300x225.jpg 300w, https:\/\/www.piaristengymnasium.at\/wordpress\/wp-content\/uploads\/2026\/04\/1-1024x768.jpg 1024w, https:\/\/www.piaristengymnasium.at\/wordpress\/wp-content\/uploads\/2026\/04\/1-768x576.jpg 768w, https:\/\/www.piaristengymnasium.at\/wordpress\/wp-content\/uploads\/2026\/04\/1-1536x1152.jpg 1536w, https:\/\/www.piaristengymnasium.at\/wordpress\/wp-content\/uploads\/2026\/04\/1-2048x1536.jpg 2048w\" sizes=\"auto, (max-width: 2560px) 100vw, 2560px\" \/><\/a><\/figure>\n\n<div class=\"wp-block-post-excerpt\"><p class=\"wp-block-post-excerpt__excerpt\">Beitrag von Mag. Daniel Hochleitner: Am 10. April 2026 besuchte unsere 7R die WKN\u00d6 Racing Days in der Bezirksstelle Krems. Unter dem Motto \u201eWirtschaft erleben\u201c bot die Wirtschaftskammer Nieder\u00f6sterreich ein Programm an, das sportlichen Ehrgeiz mit Einblicken in die Welt des Unternehmertums verkn\u00fcpfte. Das Highlight f\u00fcr viele Sch\u00fclerinnen und Sch\u00fcler war zweifellos die 18 Meter<\/p><p class=\"wp-block-post-excerpt__more-text\"><a class=\"wp-block-post-excerpt__more-link\" href=\"https:\/\/www.piaristengymnasium.at\/wordpress\/archive\/3832\">weiterlesen<\/a><\/p><\/div>\n\n\n<hr class=\"wp-block-separator has-css-opacity\"\/>\n\n<\/li><\/ul><\/div>\n\n\n\n<h2 class=\"wp-block-heading has-text-align-center has-large-font-size\">Schulzweige<\/h2>\n\n\n\n<div class=\"wp-block-columns is-layout-flex wp-container-core-columns-is-layout-9d6595d7 wp-block-columns-is-layout-flex\">\n<div class=\"wp-block-column has-nv-light-bg-background-color has-background is-layout-flow wp-block-column-is-layout-flow\"><div class=\"wp-block-image icon-style is-style-default\">\n<figure class=\"aligncenter size-full is-resized\"><img loading=\"lazy\" decoding=\"async\" width=\"200\" height=\"191\" src=\"https:\/\/www.piaristengymnasium.at\/wordpress\/wp-content\/uploads\/2022\/09\/logo_transp_kl.png\" alt=\"\" class=\"wp-image-14\" style=\"aspect-ratio:1.0078125;width:127px;height:auto\"\/><\/figure>\n<\/div>\n\n\n<h3 class=\"wp-block-heading has-text-align-center has-neve-link-hover-color-color has-text-color\" style=\"font-size:25px;font-style:normal;font-weight:600;text-transform:uppercase\"><strong>Gymnasium<\/strong><\/h3>\n\n\n\n<p class=\"has-text-align-center has-neve-text-color-color has-text-color has-medium-font-size\"><em>Spanisch (US) \/ Latein (OS)<\/em><\/p>\n\n\n\n<div style=\"height:20px\" aria-hidden=\"true\" class=\"wp-block-spacer\"><\/div>\n<\/div>\n\n\n\n<div class=\"wp-block-column has-nv-light-bg-background-color has-background is-layout-flow wp-block-column-is-layout-flow\"><div class=\"wp-block-image icon-style is-style-default\">\n<figure class=\"aligncenter size-full is-resized\"><img loading=\"lazy\" decoding=\"async\" width=\"200\" height=\"191\" src=\"https:\/\/www.piaristengymnasium.at\/wordpress\/wp-content\/uploads\/2022\/09\/logo_transp_kl.png\" alt=\"\" class=\"wp-image-14\" style=\"width:125px;height:124px\"\/><\/figure>\n<\/div>\n\n\n<h3 class=\"wp-block-heading has-text-align-center has-nv-dark-bg-color has-text-color\" style=\"font-size:25px;text-transform:uppercase\"><strong>Realgymnasium<\/strong><\/h3>\n\n\n\n<p class=\"has-text-align-center has-neve-text-color-color has-text-color has-medium-font-size\"><em>Mathematik &amp; GZ (US) \/  DG bzw. NaWi (OS)<\/em><\/p>\n\n\n\n<div style=\"height:20px\" aria-hidden=\"true\" class=\"wp-block-spacer\"><\/div>\n<\/div>\n<\/div>\n\n\n\n<hr class=\"wp-block-separator has-alpha-channel-opacity\"\/>\n\n\n\n<h2 class=\"wp-block-heading has-text-align-center has-large-font-size\">Statistik<\/h2>\n\n\n\n<div class=\"wp-block-columns is-layout-flex wp-container-core-columns-is-layout-9d6595d7 wp-block-columns-is-layout-flex\">\n<div class=\"wp-block-column is-vertically-aligned-center is-layout-flow wp-block-column-is-layout-flow\"><div class=\"wp-block-image\">\n<figure class=\"aligncenter size-full is-resized\"><img loading=\"lazy\" decoding=\"async\" width=\"495\" height=\"491\" src=\"https:\/\/www.piaristengymnasium.at\/wordpress\/wp-content\/uploads\/2024\/10\/Bildschirmfoto-2024-10-01-um-07.00.37.png\" alt=\"\" class=\"wp-image-2929\" style=\"width:147px;height:141px\" srcset=\"https:\/\/www.piaristengymnasium.at\/wordpress\/wp-content\/uploads\/2024\/10\/Bildschirmfoto-2024-10-01-um-07.00.37.png 495w, https:\/\/www.piaristengymnasium.at\/wordpress\/wp-content\/uploads\/2024\/10\/Bildschirmfoto-2024-10-01-um-07.00.37-300x298.png 300w, https:\/\/www.piaristengymnasium.at\/wordpress\/wp-content\/uploads\/2024\/10\/Bildschirmfoto-2024-10-01-um-07.00.37-150x150.png 150w, https:\/\/www.piaristengymnasium.at\/wordpress\/wp-content\/uploads\/2024\/10\/Bildschirmfoto-2024-10-01-um-07.00.37-100x100.png 100w\" sizes=\"auto, (max-width: 495px) 100vw, 495px\" \/><\/figure>\n<\/div>\n\n\n<p class=\"has-text-align-center\">Klassen <\/p>\n<\/div>\n\n\n\n<div class=\"wp-block-column is-vertically-aligned-center is-layout-flow wp-block-column-is-layout-flow\"><div class=\"wp-block-image\">\n<figure class=\"aligncenter size-full is-resized\"><img loading=\"lazy\" decoding=\"async\" width=\"490\" height=\"489\" src=\"https:\/\/www.piaristengymnasium.at\/wordpress\/wp-content\/uploads\/2024\/10\/Bildschirmfoto-2024-10-01-um-07.00.42.png\" alt=\"\" class=\"wp-image-2927\" style=\"width:144px;height:143px\" srcset=\"https:\/\/www.piaristengymnasium.at\/wordpress\/wp-content\/uploads\/2024\/10\/Bildschirmfoto-2024-10-01-um-07.00.42.png 490w, https:\/\/www.piaristengymnasium.at\/wordpress\/wp-content\/uploads\/2024\/10\/Bildschirmfoto-2024-10-01-um-07.00.42-300x300.png 300w, https:\/\/www.piaristengymnasium.at\/wordpress\/wp-content\/uploads\/2024\/10\/Bildschirmfoto-2024-10-01-um-07.00.42-150x150.png 150w, https:\/\/www.piaristengymnasium.at\/wordpress\/wp-content\/uploads\/2024\/10\/Bildschirmfoto-2024-10-01-um-07.00.42-100x100.png 100w\" sizes=\"auto, (max-width: 490px) 100vw, 490px\" \/><\/figure>\n<\/div>\n\n\n<p class=\"has-text-align-center\">Lehrer:innen<\/p>\n<\/div>\n\n\n\n<div class=\"wp-block-column is-vertically-aligned-center is-layout-flow wp-block-column-is-layout-flow\"><div class=\"wp-block-image\">\n<figure class=\"aligncenter size-full is-resized\"><img loading=\"lazy\" decoding=\"async\" width=\"648\" height=\"643\" src=\"https:\/\/www.piaristengymnasium.at\/wordpress\/wp-content\/uploads\/2024\/10\/Bildschirmfoto-2024-10-01-um-07.00.39.png\" alt=\"\" class=\"wp-image-2928\" style=\"width:138px;height:138px\" srcset=\"https:\/\/www.piaristengymnasium.at\/wordpress\/wp-content\/uploads\/2024\/10\/Bildschirmfoto-2024-10-01-um-07.00.39.png 648w, https:\/\/www.piaristengymnasium.at\/wordpress\/wp-content\/uploads\/2024\/10\/Bildschirmfoto-2024-10-01-um-07.00.39-300x298.png 300w, https:\/\/www.piaristengymnasium.at\/wordpress\/wp-content\/uploads\/2024\/10\/Bildschirmfoto-2024-10-01-um-07.00.39-150x150.png 150w, https:\/\/www.piaristengymnasium.at\/wordpress\/wp-content\/uploads\/2024\/10\/Bildschirmfoto-2024-10-01-um-07.00.39-100x100.png 100w\" sizes=\"auto, (max-width: 648px) 100vw, 648px\" \/><\/figure>\n<\/div>\n\n\n<p class=\"has-text-align-center\">Sch\u00fcler:innen<\/p>\n<\/div>\n<\/div>\n\n\n\n<p><\/p>\n","protected":false},"excerpt":{"rendered":"<p>Aktuelles Schulanmeldung Erste Klassen Am Tag der Semesternachricht 2026 beginnt die Anmeldefrist f\u00fcr unsere ersten Klassen 2026\/27. Wir freuen uns auf Sie und stehen f\u00fcr R\u00fcckfragen gerne zur Verf\u00fcgung. Anmeldung:&nbsp; Fr., 30. J\u00e4nner 2026 (7:30 &#8211; 16:00 Uhr)&nbsp; Sowie Mo., 9. Februar bis Fr., 20. Februar 2026 (7:30- 14:00 Uhr) Alle Informationen zur Anmeldung finden [&hellip;]<\/p>\n","protected":false},"author":1,"featured_media":0,"parent":0,"menu_order":0,"comment_status":"closed","ping_status":"closed","template":"","meta":{"footnotes":""},"class_list":["post-7","page","type-page","status-publish","hentry"],"_links":{"self":[{"href":"https:\/\/www.piaristengymnasium.at\/wordpress\/wp-json\/wp\/v2\/pages\/7","targetHints":{"allow":["GET"]}}],"collection":[{"href":"https:\/\/www.piaristengymnasium.at\/wordpress\/wp-json\/wp\/v2\/pages"}],"about":[{"href":"https:\/\/www.piaristengymnasium.at\/wordpress\/wp-json\/wp\/v2\/types\/page"}],"author":[{"embeddable":true,"href":"https:\/\/www.piaristengymnasium.at\/wordpress\/wp-json\/wp\/v2\/users\/1"}],"replies":[{"embeddable":true,"href":"https:\/\/www.piaristengymnasium.at\/wordpress\/wp-json\/wp\/v2\/comments?post=7"}],"version-history":[{"count":190,"href":"https:\/\/www.piaristengymnasium.at\/wordpress\/wp-json\/wp\/v2\/pages\/7\/revisions"}],"predecessor-version":[{"id":3813,"href":"https:\/\/www.piaristengymnasium.at\/wordpress\/wp-json\/wp\/v2\/pages\/7\/revisions\/3813"}],"wp:attachment":[{"href":"https:\/\/www.piaristengymnasium.at\/wordpress\/wp-json\/wp\/v2\/media?parent=7"}],"curies":[{"name":"wp","href":"https:\/\/api.w.org\/{rel}","templated":true}]}}