{"id":3782,"date":"2026-02-23T07:51:32","date_gmt":"2026-02-23T06:51:32","guid":{"rendered":"https:\/\/www.piaristengymnasium.at\/wordpress\/?page_id=3782"},"modified":"2026-02-23T07:52:33","modified_gmt":"2026-02-23T06:52:33","slug":"projekt-encuentro-espanol","status":"publish","type":"page","link":"https:\/\/www.piaristengymnasium.at\/wordpress\/einfache-seite\/erasmus\/projekt-encuentro-espanol","title":{"rendered":"Projekt \u201eEncuentro espa\u00f1ol\u201c"},"content":{"rendered":"<p style=\"font-weight: 400;\">Unser Projekt <strong>\u201eEncuentro espa\u00f1ol\u201c<\/strong> startet mit Beginn des Schuljahres 2024\/25 und l\u00e4sst die Sch\u00fclerinnen und Sch\u00fcler unseres <strong>G-Zweiges (Gymnasium)<\/strong> 18 Monate lang Teil der europ\u00e4ischen Community werden. Schwerpunkt hierbei liegt, wie der Titel des Projekts unschwer erkennen l\u00e4sst, auf der spanischen Sprache und Kultur. Dem Erlernen der Fremdsprache kommt hierbei naturgem\u00e4\u00df eine gro\u00dfe Bedeutung zu, aber auch die Entwicklung interkultureller Kompetenz und die Verbesserung der digitalen Fertigkeiten sollen gef\u00f6rdert werden. Um die gesetzten<strong> Ziele<\/strong> zu erreichen, werden sowohl Lernende wie auch Lehrende des Piaristengymnasiums Aufenthalte an Schulen im spanischen Ausland durchf\u00fchren.<\/p>\n<p style=\"font-weight: 400;\">F\u00fcr die 5. Klassen (2024\/25) ist im darauffolgenden Schuljahr ein <strong>Sch\u00fcleraustausch<\/strong> mit einer Sekundarschule in der Provinz Valencia (Spanien) in Planung. Au\u00dferdem haben drei Sch\u00fclerinnen oder Sch\u00fcler der 6. und 7. Klassen (G-Zweig) die M\u00f6glichkeit, im Rahmen eines <strong>3-4-w\u00f6chigen Auslandsaufenthaltes<\/strong> ins spanische (Schul-)Leben einzutauchen. \u00a1Qu\u00e9 ilusi\u00f3n!<\/p>\n<p>&nbsp;<\/p>\n<p style=\"font-weight: 400;\">\u00dcbersicht \u00fcber die geplanten Aktivit\u00e4ten im Rahmen von Erasmus+:<\/p>\n<ul>\n<li>Austausch und gemeinsame Aktivit\u00e4ten im laufenden Unterricht<\/li>\n<li>e-Twinning Projekte im laufenden Unterricht<\/li>\n<li>Job Shadowing f\u00fcr Lehrkr\u00e4fte<\/li>\n<li>Sch\u00fcler- und Sch\u00fclerinnen-Austausch<\/li>\n<li>Einzelmobilit\u00e4ten von 3 Lernenden<\/li>\n<\/ul>\n<p style=\"font-weight: 400;\">Ansprechperson der Schule: MMag. Katrin Wolfram<\/p>\n<p style=\"font-weight: 400;\"><strong>Im Folgenden berichten wir laufend \u00fcber unsere Erasmus+ Aktivit\u00e4ten:<\/strong><\/p>\n<p>Ein Klick auf das jeweilige Bild f\u00fchrt zu den aktuellen Berichten:<\/p>\n<p><a href=\"https:\/\/www.canva.com\/design\/DAGWFemyQk4\/c39G8KTIbdTcAsiGPJPxbw\/view?utm_content=DAGWFemyQk4&amp;utm_campaign=designshare&amp;utm_medium=link&amp;utm_source=editor\"><img loading=\"lazy\" decoding=\"async\" class=\"wp-image-3063 aligncenter\" src=\"https:\/\/www.piaristengymnasium.at\/wordpress\/wp-content\/uploads\/2024\/11\/Bildschirmfoto-2024-11-27-um-06.54.16.png\" alt=\"\" width=\"700\" height=\"393\" srcset=\"https:\/\/www.piaristengymnasium.at\/wordpress\/wp-content\/uploads\/2024\/11\/Bildschirmfoto-2024-11-27-um-06.54.16.png 1833w, https:\/\/www.piaristengymnasium.at\/wordpress\/wp-content\/uploads\/2024\/11\/Bildschirmfoto-2024-11-27-um-06.54.16-300x168.png 300w, https:\/\/www.piaristengymnasium.at\/wordpress\/wp-content\/uploads\/2024\/11\/Bildschirmfoto-2024-11-27-um-06.54.16-1024x575.png 1024w, https:\/\/www.piaristengymnasium.at\/wordpress\/wp-content\/uploads\/2024\/11\/Bildschirmfoto-2024-11-27-um-06.54.16-768x431.png 768w, https:\/\/www.piaristengymnasium.at\/wordpress\/wp-content\/uploads\/2024\/11\/Bildschirmfoto-2024-11-27-um-06.54.16-1536x862.png 1536w\" sizes=\"auto, (max-width: 700px) 100vw, 700px\" \/><\/a><\/p>\n<p>&nbsp;<\/p>\n<p><a href=\"https:\/\/www.canva.com\/design\/DAGnN7pph3o\/GNSf6QpIj6m9TnKTEyaQFw\/edit?utm_content=DAGnN7pph3o&amp;utm_campaign=designshare&amp;utm_medium=link2&amp;utm_source=sharebutton\"><img loading=\"lazy\" decoding=\"async\" class=\"aligncenter wp-image-3312\" src=\"https:\/\/www.piaristengymnasium.at\/wordpress\/wp-content\/uploads\/2025\/06\/Bildschirmfoto-2025-06-02-um-10.25.31.png\" alt=\"\" width=\"696\" height=\"392\" srcset=\"https:\/\/www.piaristengymnasium.at\/wordpress\/wp-content\/uploads\/2025\/06\/Bildschirmfoto-2025-06-02-um-10.25.31.png 2170w, https:\/\/www.piaristengymnasium.at\/wordpress\/wp-content\/uploads\/2025\/06\/Bildschirmfoto-2025-06-02-um-10.25.31-300x169.png 300w, https:\/\/www.piaristengymnasium.at\/wordpress\/wp-content\/uploads\/2025\/06\/Bildschirmfoto-2025-06-02-um-10.25.31-1024x577.png 1024w, https:\/\/www.piaristengymnasium.at\/wordpress\/wp-content\/uploads\/2025\/06\/Bildschirmfoto-2025-06-02-um-10.25.31-768x433.png 768w, https:\/\/www.piaristengymnasium.at\/wordpress\/wp-content\/uploads\/2025\/06\/Bildschirmfoto-2025-06-02-um-10.25.31-1536x866.png 1536w, https:\/\/www.piaristengymnasium.at\/wordpress\/wp-content\/uploads\/2025\/06\/Bildschirmfoto-2025-06-02-um-10.25.31-2048x1154.png 2048w\" sizes=\"auto, (max-width: 696px) 100vw, 696px\" \/><\/a><\/p>\n<p>&nbsp;<\/p>\n<p><a href=\"https:\/\/www.canva.com\/design\/DAGwVOCzl3M\/uubEzPoGn46ltxl38mwplA\/edit?utm_content=DAGwVOCzl3M&amp;utm_campaign=designshare&amp;utm_medium=link2&amp;utm_source=sharebutton\"><img loading=\"lazy\" decoding=\"async\" class=\"aligncenter wp-image-3490\" src=\"https:\/\/www.piaristengymnasium.at\/wordpress\/wp-content\/uploads\/2025\/09\/Bildschirmfoto-2025-09-22-um-06.29.04-300x169.png\" alt=\"\" width=\"696\" height=\"392\" srcset=\"https:\/\/www.piaristengymnasium.at\/wordpress\/wp-content\/uploads\/2025\/09\/Bildschirmfoto-2025-09-22-um-06.29.04-300x169.png 300w, https:\/\/www.piaristengymnasium.at\/wordpress\/wp-content\/uploads\/2025\/09\/Bildschirmfoto-2025-09-22-um-06.29.04-1024x576.png 1024w, https:\/\/www.piaristengymnasium.at\/wordpress\/wp-content\/uploads\/2025\/09\/Bildschirmfoto-2025-09-22-um-06.29.04-768x432.png 768w, https:\/\/www.piaristengymnasium.at\/wordpress\/wp-content\/uploads\/2025\/09\/Bildschirmfoto-2025-09-22-um-06.29.04-1536x864.png 1536w, https:\/\/www.piaristengymnasium.at\/wordpress\/wp-content\/uploads\/2025\/09\/Bildschirmfoto-2025-09-22-um-06.29.04-2048x1152.png 2048w\" sizes=\"auto, (max-width: 696px) 100vw, 696px\" \/><\/a><\/p>\n<p>&nbsp;<\/p>\n<p style=\"font-weight: 400;\">\u201eVon der Europ\u00e4ischen Union finanziert. Die ge\u00e4u\u00dferten Ansichten und Meinungen entsprechen jedoch ausschlie\u00dflich denen der Autorin oder des Autors bzw. der Autorinnen oder Autoren und spiegeln nicht zwingend die der Europ\u00e4ischen Union oder der OeAD-GmbH wider. Weder die Europ\u00e4ische Union noch die OeAD-GmbH k\u00f6nnen daf\u00fcr verantwortlich gemacht werden.\u201c<\/p>\n","protected":false},"excerpt":{"rendered":"<p>Unser Projekt \u201eEncuentro espa\u00f1ol\u201c startet mit Beginn des Schuljahres 2024\/25 und l\u00e4sst die Sch\u00fclerinnen und Sch\u00fcler unseres G-Zweiges (Gymnasium) 18 Monate lang Teil der europ\u00e4ischen Community werden. Schwerpunkt hierbei liegt, wie der Titel des Projekts unschwer erkennen l\u00e4sst, auf der spanischen Sprache und Kultur. Dem Erlernen der Fremdsprache kommt hierbei naturgem\u00e4\u00df eine gro\u00dfe Bedeutung zu, [&hellip;]<\/p>\n","protected":false},"author":5,"featured_media":0,"parent":2629,"menu_order":0,"comment_status":"closed","ping_status":"closed","template":"","meta":{"footnotes":""},"class_list":["post-3782","page","type-page","status-publish","hentry"],"_links":{"self":[{"href":"https:\/\/www.piaristengymnasium.at\/wordpress\/wp-json\/wp\/v2\/pages\/3782","targetHints":{"allow":["GET"]}}],"collection":[{"href":"https:\/\/www.piaristengymnasium.at\/wordpress\/wp-json\/wp\/v2\/pages"}],"about":[{"href":"https:\/\/www.piaristengymnasium.at\/wordpress\/wp-json\/wp\/v2\/types\/page"}],"author":[{"embeddable":true,"href":"https:\/\/www.piaristengymnasium.at\/wordpress\/wp-json\/wp\/v2\/users\/5"}],"replies":[{"embeddable":true,"href":"https:\/\/www.piaristengymnasium.at\/wordpress\/wp-json\/wp\/v2\/comments?post=3782"}],"version-history":[{"count":2,"href":"https:\/\/www.piaristengymnasium.at\/wordpress\/wp-json\/wp\/v2\/pages\/3782\/revisions"}],"predecessor-version":[{"id":3784,"href":"https:\/\/www.piaristengymnasium.at\/wordpress\/wp-json\/wp\/v2\/pages\/3782\/revisions\/3784"}],"up":[{"embeddable":true,"href":"https:\/\/www.piaristengymnasium.at\/wordpress\/wp-json\/wp\/v2\/pages\/2629"}],"wp:attachment":[{"href":"https:\/\/www.piaristengymnasium.at\/wordpress\/wp-json\/wp\/v2\/media?parent=3782"}],"curies":[{"name":"wp","href":"https:\/\/api.w.org\/{rel}","templated":true}]}}

Projekt „Encuentro español“

<p style="font-weight: 400;">Unser Projekt <strong>„Encuentro español“</strong> startet mit Beginn des Schuljahres 2024/25 und lässt die Schülerinnen und Schüler unseres <strong>G-Zweiges (Gymnasium)</strong> 18 Monate lang Teil der europäischen Community werden. Schwerpunkt hierbei liegt, wie der Titel des Projekts unschwer erkennen lässt, auf der spanischen Sprache und Kultur. Dem Erlernen der Fremdsprache kommt hierbei naturgemäß eine große Bedeutung zu, aber auch die Entwicklung interkultureller Kompetenz und die Verbesserung der digitalen Fertigkeiten sollen gefördert werden. Um die gesetzten<strong> Ziele</strong> zu erreichen, werden sowohl Lernende wie auch Lehrende des Piaristengymnasiums Aufenthalte an Schulen im spanischen Ausland durchführen.</p>
<p style="font-weight: 400;">Für die 5. Klassen (2024/25) ist im darauffolgenden Schuljahr ein <strong>Schüleraustausch</strong> mit einer Sekundarschule in der Provinz Valencia (Spanien) in Planung. Außerdem haben drei Schülerinnen oder Schüler der 6. und 7. Klassen (G-Zweig) die Möglichkeit, im Rahmen eines <strong>3-4-wöchigen Auslandsaufenthaltes</strong> ins spanische (Schul-)Leben einzutauchen. ¡Qué ilusión!</p>
<p>&nbsp;</p>
<p style="font-weight: 400;">Übersicht über die geplanten Aktivitäten im Rahmen von Erasmus+:</p>
<ul>
<li>Austausch und gemeinsame Aktivitäten im laufenden Unterricht</li>
<li>e-Twinning Projekte im laufenden Unterricht</li>
<li>Job Shadowing für Lehrkräfte</li>
<li>Schüler- und Schülerinnen-Austausch</li>
<li>Einzelmobilitäten von 3 Lernenden</li>
</ul>
<p style="font-weight: 400;">Ansprechperson der Schule: MMag. Katrin Wolfram</p>
<p style="font-weight: 400;"><strong>Im Folgenden berichten wir laufend über unsere Erasmus+ Aktivitäten:</strong></p>
<p>Ein Klick auf das jeweilige Bild führt zu den aktuellen Berichten:</p>
<p><a href="https://www.canva.com/design/DAGWFemyQk4/c39G8KTIbdTcAsiGPJPxbw/view?utm_content=DAGWFemyQk4&amp;utm_campaign=designshare&amp;utm_medium=link&amp;utm_source=editor"><img loading="lazy" decoding="async" class="wp-image-3063 aligncenter" src="https://www.piaristengymnasium.at/wordpress/wp-content/uploads/2024/11/Bildschirmfoto-2024-11-27-um-06.54.16.png" alt="" width="700" height="393" srcset="https://www.piaristengymnasium.at/wordpress/wp-content/uploads/2024/11/Bildschirmfoto-2024-11-27-um-06.54.16.png 1833w, https://www.piaristengymnasium.at/wordpress/wp-content/uploads/2024/11/Bildschirmfoto-2024-11-27-um-06.54.16-300x168.png 300w, https://www.piaristengymnasium.at/wordpress/wp-content/uploads/2024/11/Bildschirmfoto-2024-11-27-um-06.54.16-1024x575.png 1024w, https://www.piaristengymnasium.at/wordpress/wp-content/uploads/2024/11/Bildschirmfoto-2024-11-27-um-06.54.16-768x431.png 768w, https://www.piaristengymnasium.at/wordpress/wp-content/uploads/2024/11/Bildschirmfoto-2024-11-27-um-06.54.16-1536x862.png 1536w" sizes="auto, (max-width: 700px) 100vw, 700px" /></a></p>
<p>&nbsp;</p>
<p><a href="https://www.canva.com/design/DAGnN7pph3o/GNSf6QpIj6m9TnKTEyaQFw/edit?utm_content=DAGnN7pph3o&amp;utm_campaign=designshare&amp;utm_medium=link2&amp;utm_source=sharebutton"><img loading="lazy" decoding="async" class="aligncenter wp-image-3312" src="https://www.piaristengymnasium.at/wordpress/wp-content/uploads/2025/06/Bildschirmfoto-2025-06-02-um-10.25.31.png" alt="" width="696" height="392" srcset="https://www.piaristengymnasium.at/wordpress/wp-content/uploads/2025/06/Bildschirmfoto-2025-06-02-um-10.25.31.png 2170w, https://www.piaristengymnasium.at/wordpress/wp-content/uploads/2025/06/Bildschirmfoto-2025-06-02-um-10.25.31-300x169.png 300w, https://www.piaristengymnasium.at/wordpress/wp-content/uploads/2025/06/Bildschirmfoto-2025-06-02-um-10.25.31-1024x577.png 1024w, https://www.piaristengymnasium.at/wordpress/wp-content/uploads/2025/06/Bildschirmfoto-2025-06-02-um-10.25.31-768x433.png 768w, https://www.piaristengymnasium.at/wordpress/wp-content/uploads/2025/06/Bildschirmfoto-2025-06-02-um-10.25.31-1536x866.png 1536w, https://www.piaristengymnasium.at/wordpress/wp-content/uploads/2025/06/Bildschirmfoto-2025-06-02-um-10.25.31-2048x1154.png 2048w" sizes="auto, (max-width: 696px) 100vw, 696px" /></a></p>
<p>&nbsp;</p>
<p><a href="https://www.canva.com/design/DAGwVOCzl3M/uubEzPoGn46ltxl38mwplA/edit?utm_content=DAGwVOCzl3M&amp;utm_campaign=designshare&amp;utm_medium=link2&amp;utm_source=sharebutton"><img loading="lazy" decoding="async" class="aligncenter wp-image-3490" src="https://www.piaristengymnasium.at/wordpress/wp-content/uploads/2025/09/Bildschirmfoto-2025-09-22-um-06.29.04-300x169.png" alt="" width="696" height="392" srcset="https://www.piaristengymnasium.at/wordpress/wp-content/uploads/2025/09/Bildschirmfoto-2025-09-22-um-06.29.04-300x169.png 300w, https://www.piaristengymnasium.at/wordpress/wp-content/uploads/2025/09/Bildschirmfoto-2025-09-22-um-06.29.04-1024x576.png 1024w, https://www.piaristengymnasium.at/wordpress/wp-content/uploads/2025/09/Bildschirmfoto-2025-09-22-um-06.29.04-768x432.png 768w, https://www.piaristengymnasium.at/wordpress/wp-content/uploads/2025/09/Bildschirmfoto-2025-09-22-um-06.29.04-1536x864.png 1536w, https://www.piaristengymnasium.at/wordpress/wp-content/uploads/2025/09/Bildschirmfoto-2025-09-22-um-06.29.04-2048x1152.png 2048w" sizes="auto, (max-width: 696px) 100vw, 696px" /></a></p>
<p>&nbsp;</p>
<p style="font-weight: 400;">„Von der Europäischen Union finanziert. Die geäußerten Ansichten und Meinungen entsprechen jedoch ausschließlich denen der Autorin oder des Autors bzw. der Autorinnen oder Autoren und spiegeln nicht zwingend die der Europäischen Union oder der OeAD-GmbH wider. Weder die Europäische Union noch die OeAD-GmbH können dafür verantwortlich gemacht werden.“</p>

<p>Unser Projekt „Encuentro español“ startet mit Beginn des Schuljahres 2024/25 und lässt die Schülerinnen und Schüler unseres G-Zweiges (Gymnasium) 18 Monate lang Teil der europäischen Community werden. Schwerpunkt hierbei liegt, wie der Titel des Projekts unschwer erkennen lässt, auf der spanischen Sprache und Kultur. Dem Erlernen der Fremdsprache kommt hierbei naturgemäß eine große Bedeutung zu, [&hellip;]</p>
