{"id":2629,"date":"2024-06-09T19:24:01","date_gmt":"2024-06-09T17:24:01","guid":{"rendered":"https:\/\/www.piaristengymnasium.at\/wordpress\/?page_id=2629"},"modified":"2026-02-23T18:00:41","modified_gmt":"2026-02-23T17:00:41","slug":"erasmus","status":"publish","type":"page","link":"https:\/\/www.piaristengymnasium.at\/wordpress\/einfache-seite\/erasmus","title":{"rendered":"Erasmus+"},"content":{"rendered":"<p style=\"font-weight: 400;\"><strong>Erasmus+ Schulbildung<\/strong> unterst\u00fctzt grenz\u00fcberschreitende Kooperationen zwischen Schulen in Staaten der Europ\u00e4ischen Union. Gef\u00f6rdert werden Lehr- und Lernaufenthalte von Sch\u00fclern und Sch\u00fclerinnen wie auch von Lehrpersonal im europ\u00e4ischen Ausland. Somit wird die europ\u00e4ische Dimension des Lernens und Lehrens gest\u00e4rkt.<\/p>\n<p style=\"font-weight: 400;\">Ab dem Schuljahr 2024\/25 engagiert sich auch das<strong> Piaristengymnasium<\/strong> im Rahmen des europ\u00e4ischen Mobilit\u00e4tsprogramms Erasmus+. Durch die Bereitstellung von finanziellen Mitteln und Netzwerken m\u00f6chte die EU hiermit den Austausch zwischen Schulen, Lehrpersonen und Lernenden innerhalb Europas f\u00f6rdern.<\/p>\n<p>&nbsp;<\/p>\n<p>Von der Europ\u00e4ischen Union finanziert. Die ge\u00e4u\u00dferten Ansichten und Meinungen entsprechen jedoch ausschlie\u00dflich denen der Autorin oder des Autors bzw. der Autorinnen oder Autoren und spiegeln nicht zwingend die der Europ\u00e4ischen Union oder der OeAD-GmbH wider. Weder die Europ\u00e4ische Union noch die OeAD-GmbH k\u00f6nnen daf\u00fcr verantwortlich gemacht werden.<\/p>\n","protected":false},"excerpt":{"rendered":"<p>Erasmus+ Schulbildung unterst\u00fctzt grenz\u00fcberschreitende Kooperationen zwischen Schulen in Staaten der Europ\u00e4ischen Union. Gef\u00f6rdert werden Lehr- und Lernaufenthalte von Sch\u00fclern und Sch\u00fclerinnen wie auch von Lehrpersonal im europ\u00e4ischen Ausland. Somit wird die europ\u00e4ische Dimension des Lernens und Lehrens gest\u00e4rkt. Ab dem Schuljahr 2024\/25 engagiert sich auch das Piaristengymnasium im Rahmen des europ\u00e4ischen Mobilit\u00e4tsprogramms Erasmus+. Durch die [&hellip;]<\/p>\n","protected":false},"author":1,"featured_media":0,"parent":12,"menu_order":0,"comment_status":"closed","ping_status":"closed","template":"","meta":{"footnotes":""},"class_list":["post-2629","page","type-page","status-publish","hentry"],"_links":{"self":[{"href":"https:\/\/www.piaristengymnasium.at\/wordpress\/wp-json\/wp\/v2\/pages\/2629","targetHints":{"allow":["GET"]}}],"collection":[{"href":"https:\/\/www.piaristengymnasium.at\/wordpress\/wp-json\/wp\/v2\/pages"}],"about":[{"href":"https:\/\/www.piaristengymnasium.at\/wordpress\/wp-json\/wp\/v2\/types\/page"}],"author":[{"embeddable":true,"href":"https:\/\/www.piaristengymnasium.at\/wordpress\/wp-json\/wp\/v2\/users\/1"}],"replies":[{"embeddable":true,"href":"https:\/\/www.piaristengymnasium.at\/wordpress\/wp-json\/wp\/v2\/comments?post=2629"}],"version-history":[{"count":13,"href":"https:\/\/www.piaristengymnasium.at\/wordpress\/wp-json\/wp\/v2\/pages\/2629\/revisions"}],"predecessor-version":[{"id":3793,"href":"https:\/\/www.piaristengymnasium.at\/wordpress\/wp-json\/wp\/v2\/pages\/2629\/revisions\/3793"}],"up":[{"embeddable":true,"href":"https:\/\/www.piaristengymnasium.at\/wordpress\/wp-json\/wp\/v2\/pages\/12"}],"wp:attachment":[{"href":"https:\/\/www.piaristengymnasium.at\/wordpress\/wp-json\/wp\/v2\/media?parent=2629"}],"curies":[{"name":"wp","href":"https:\/\/api.w.org\/{rel}","templated":true}]}}