{"id":1340,"date":"2023-04-23T18:36:05","date_gmt":"2023-04-23T16:36:05","guid":{"rendered":"https:\/\/www.piaristengymnasium.at\/wordpress\/?page_id=1340"},"modified":"2023-10-11T14:12:14","modified_gmt":"2023-10-11T12:12:14","slug":"pia-lernhilfe","status":"publish","type":"page","link":"https:\/\/www.piaristengymnasium.at\/wordpress\/pia-lernhilfe","title":{"rendered":"F\u00f6rderangebote"},"content":{"rendered":"\n<h2 class=\"wp-block-heading\">Lehrer:innen f\u00fcr Sch\u00fcler:innen<\/h2>\n\n\n\n<ul class=\"wp-block-list\">\n<li>Lesef\u00f6rderung<\/li>\n\n\n\n<li>F\u00f6rderunterricht in Schularbeitsf\u00e4chern<\/li>\n\n\n\n<li>Legastheniebetreuung<\/li>\n\n\n\n<li>Deutschkurs f\u00fcr ukrainische Sch\u00fclerinnen und Sch\u00fcler<\/li>\n<\/ul>\n\n\n\n<div style=\"height:25px\" aria-hidden=\"true\" class=\"wp-block-spacer\"><\/div>\n\n\n\n<h2 class=\"wp-block-heading\">Sch\u00fcler:innen f\u00fcr Sch\u00fcler:innen<\/h2>\n\n\n\n<h3 class=\"wp-block-heading\">PIA.lernhilfe<\/h3>\n\n\n\n<div class=\"wp-block-columns is-layout-flex wp-container-core-columns-is-layout-9d6595d7 wp-block-columns-is-layout-flex\">\n<div class=\"wp-block-column is-layout-flow wp-block-column-is-layout-flow\" style=\"flex-basis:66.66%\">\n<p>Die Plattform PIA.Lernhilfe vermittelt Nachhilfelehrer:innen aus der Oberstufe f\u00fcr Unterstufensch\u00fcler:innen unter dem Motto: &#8222;Sch\u00fcler:innen helfen Sch\u00fcler:innen&#8220;.<br>Alle Oberstufensch\u00fcler:innen, die Zeit und Lust haben, Sch\u00fcler:innen aus der Unterstufe bei Lernschwierigkeiten zu unterst\u00fctzen, k\u00f6nnen sich f\u00fcr die Plattform melden. Sch\u00fcler:innen aus der Unterstufe wiederum finden hier Nachhilfelehrer:innen . Die Nachhilfestunden k\u00f6nnen im Schulgeb\u00e4ude abgehalten werden, \u00fcber das Finanzielle werden sich die Beteiligten immer selbst einig. <br>Kontakte sind im Aushang vor der Direktion zu finden. Bei der Vermittlung hilft auch gerne Mag. Ulrike Haneder (<a href=\"mailto:ulrike.haneder@bildung.gv.at\">ulrike.haneder@bildung.gv.at<\/a>).<\/p>\n<\/div>\n\n\n\n<div class=\"wp-block-column is-layout-flow wp-block-column-is-layout-flow\" style=\"flex-basis:40%\">\n<figure class=\"wp-block-image size-large is-resized\"><img loading=\"lazy\" decoding=\"async\" src=\"https:\/\/www.piaristengymnasium.at\/wordpress\/wp-content\/uploads\/2023\/05\/image002-1024x504.jpg\" alt=\"\" class=\"wp-image-1466\" width=\"300\" height=\"148\" srcset=\"https:\/\/www.piaristengymnasium.at\/wordpress\/wp-content\/uploads\/2023\/05\/image002-1024x504.jpg 1024w, https:\/\/www.piaristengymnasium.at\/wordpress\/wp-content\/uploads\/2023\/05\/image002-300x148.jpg 300w, https:\/\/www.piaristengymnasium.at\/wordpress\/wp-content\/uploads\/2023\/05\/image002-768x378.jpg 768w, https:\/\/www.piaristengymnasium.at\/wordpress\/wp-content\/uploads\/2023\/05\/image002-1536x756.jpg 1536w, https:\/\/www.piaristengymnasium.at\/wordpress\/wp-content\/uploads\/2023\/05\/image002.jpg 1585w\" sizes=\"auto, (max-width: 300px) 100vw, 300px\" \/><\/figure>\n<\/div>\n<\/div>\n\n\n\n<h3 class=\"wp-block-heading\">PIA.lerncoaching<\/h3>\n\n\n\n<div class=\"wp-block-columns is-layout-flex wp-container-core-columns-is-layout-9d6595d7 wp-block-columns-is-layout-flex\">\n<div class=\"wp-block-column is-layout-flow wp-block-column-is-layout-flow\" style=\"flex-basis:66.66%\">\n<p>F\u00fcr Kinder der Unterstufe mit Lernschwierigkeiten bietet unsere Schulgemeinschaft Unterst\u00fctzung der besonderen Art an:<br>Neben der Pia.lernhilfe gibt es auch ein individuelles Lerncoaching.<br>Sch\u00fcler:innen der Unterstufe bekommen hier Hilfestellung in der Organisation des Schulalltags. Sch\u00fcler:innen der Oberstufe fungieren dabei als Buddys. Es wird ein sinnvoller Zeitplan erstellt, sodass die Kinder rechtzeitig beginnen, sich auf Pr\u00fcfungen, Schularbeiten und dergleichen vorzubereiten: Die Kinder lernen so, keine Hausaufgaben und andere Verpflichtungen zu vergessen. Sie werden auch gerne \u00fcber verschiedene Lernmethoden beraten.<\/p>\n\n\n\n<p>Unsere Coaches freuen sich, wenn dieses Angebot in Anspruch genommen wird und sie so die Gelegenheit erhalten, anderen Sch\u00fcler:innen zu helfen.<\/p>\n\n\n\n<p>Melden Sie sich bei Interesse bei Mag. Ulrike Haneder (<a href=\"mailto:ulrike.haneder@bildung.gv.at\">ulrike.haneder@bildung.gv.at<\/a>), ich vermittle Sie gerne an einen unserer Coaches weiter.<\/p>\n<\/div>\n\n\n\n<div class=\"wp-block-column is-layout-flow wp-block-column-is-layout-flow\" style=\"flex-basis:33.33%\">\n<figure class=\"wp-block-image size-large is-resized\"><img loading=\"lazy\" decoding=\"async\" src=\"https:\/\/www.piaristengymnasium.at\/wordpress\/wp-content\/uploads\/2023\/10\/Pia.Lernhilfe-Logoentwurf-1-1024x793.jpg\" alt=\"\" class=\"wp-image-2045\" width=\"439\" height=\"340\" srcset=\"https:\/\/www.piaristengymnasium.at\/wordpress\/wp-content\/uploads\/2023\/10\/Pia.Lernhilfe-Logoentwurf-1-1024x793.jpg 1024w, https:\/\/www.piaristengymnasium.at\/wordpress\/wp-content\/uploads\/2023\/10\/Pia.Lernhilfe-Logoentwurf-1-300x232.jpg 300w, https:\/\/www.piaristengymnasium.at\/wordpress\/wp-content\/uploads\/2023\/10\/Pia.Lernhilfe-Logoentwurf-1-768x595.jpg 768w, https:\/\/www.piaristengymnasium.at\/wordpress\/wp-content\/uploads\/2023\/10\/Pia.Lernhilfe-Logoentwurf-1-1536x1189.jpg 1536w, https:\/\/www.piaristengymnasium.at\/wordpress\/wp-content\/uploads\/2023\/10\/Pia.Lernhilfe-Logoentwurf-1-2048x1586.jpg 2048w\" sizes=\"auto, (max-width: 439px) 100vw, 439px\" \/><\/figure>\n<\/div>\n<\/div>\n","protected":false},"excerpt":{"rendered":"<p>Lehrer:innen f\u00fcr Sch\u00fcler:innen Sch\u00fcler:innen f\u00fcr Sch\u00fcler:innen PIA.lernhilfe Die Plattform PIA.Lernhilfe vermittelt Nachhilfelehrer:innen aus der Oberstufe f\u00fcr Unterstufensch\u00fcler:innen unter dem Motto: &#8222;Sch\u00fcler:innen helfen Sch\u00fcler:innen&#8220;.Alle Oberstufensch\u00fcler:innen, die Zeit und Lust haben, Sch\u00fcler:innen aus der Unterstufe bei Lernschwierigkeiten zu unterst\u00fctzen, k\u00f6nnen sich f\u00fcr die Plattform melden. Sch\u00fcler:innen aus der Unterstufe wiederum finden hier Nachhilfelehrer:innen . Die Nachhilfestunden k\u00f6nnen [&hellip;]<\/p>\n","protected":false},"author":5,"featured_media":0,"parent":0,"menu_order":0,"comment_status":"closed","ping_status":"closed","template":"","meta":{"footnotes":""},"class_list":["post-1340","page","type-page","status-publish","hentry"],"_links":{"self":[{"href":"https:\/\/www.piaristengymnasium.at\/wordpress\/wp-json\/wp\/v2\/pages\/1340","targetHints":{"allow":["GET"]}}],"collection":[{"href":"https:\/\/www.piaristengymnasium.at\/wordpress\/wp-json\/wp\/v2\/pages"}],"about":[{"href":"https:\/\/www.piaristengymnasium.at\/wordpress\/wp-json\/wp\/v2\/types\/page"}],"author":[{"embeddable":true,"href":"https:\/\/www.piaristengymnasium.at\/wordpress\/wp-json\/wp\/v2\/users\/5"}],"replies":[{"embeddable":true,"href":"https:\/\/www.piaristengymnasium.at\/wordpress\/wp-json\/wp\/v2\/comments?post=1340"}],"version-history":[{"count":8,"href":"https:\/\/www.piaristengymnasium.at\/wordpress\/wp-json\/wp\/v2\/pages\/1340\/revisions"}],"predecessor-version":[{"id":2048,"href":"https:\/\/www.piaristengymnasium.at\/wordpress\/wp-json\/wp\/v2\/pages\/1340\/revisions\/2048"}],"wp:attachment":[{"href":"https:\/\/www.piaristengymnasium.at\/wordpress\/wp-json\/wp\/v2\/media?parent=1340"}],"curies":[{"name":"wp","href":"https:\/\/api.w.org\/{rel}","templated":true}]}}